ctors of y?
2, 3, 5
Suppose 1401 - 3822 = -9*f. What are the prime factors of f?
269
Let q = -50 + 115. Suppose 6*t + 5*r - q = t, 7 = t - r. What are the prime factors of t?
2, 5
Let o(f) = -f + 13. List the prime factors of o(-6).
19
Suppose 4*l + 2*r - 14 = 4, 2*l + 3*r - 11 = 0. Suppose l*w = q - 0*w - 20, 25 = 2*q - 5*w. What are the prime factors of 2 + (0 - -9) + q?
11
Suppose 0 = -3*j + 15, x + 2*x = j - 20. Let i(z) = z + 9. What are the prime factors of i(x)?
2
Suppose -7*v - 4 = -3*v, -5*q - 3*v + 7 = 0. Let c be -4 + q + 20*1. Suppose c = j + j. What are the prime factors of j?
3
Suppose 0 = -4*o - 109 + 641. List the prime factors of o.
7, 19
Let g(w) = 3*w + 13. List the prime factors of g(12).
7
Suppose 3*x - 4*h - 52 = 0, 2*h - 37 = -2*x + 7*h. Suppose 0*p + 4*p = x. Suppose i + p*i - 60 = 0. List the prime factors of i.
2, 3
Let n(z) = -16*z + 1. What are the prime factors of n(-2)?
3, 11
Let m = 4 + -3. Let v be m*39/(-6)*-2. Let k = 21 - v. What are the prime factors of k?
2
Let q(h) = 2 - 4*h**2 + 3*h**2 + 0 - 6*h. Let a be q(-6). Suppose 5*u - 4*p - 34 = 0, a*u - 30 + 13 = 5*p. What are the prime factors of u?
2, 3
Suppose -104 = -2*f - 0*f. Suppose 3*s + f = 4*t - s, 0 = t - 3*s - 13. What are the prime factors of t?
13
Suppose 3*q - 4 = 41. Let u(g) = g - 10. Let m be u(5). Let x = m + q. List the prime factors of x.
2, 5
Let o(v) = -22*v - 8. List the prime factors of o(-14).
2, 3, 5
Let j = -7 + 35. Suppose -4*k + j = -24. What are the prime factors of k?
13
Let h be 4/(-3)*21/2. Let k be -1*2*h/4. Suppose -3 = -w + k. What are the prime factors of w?
2, 5
Let x(d) = d**3 - 2*d**2 - 5*d. Let w be x(4). Let z be (-6)/9 + w/(-9). List the prime factors of 1*-15*z/3.
2, 5
Let d be (-2706)/27 + (-4)/(-18). Let u = d + 144. List the prime factors of ((-6)/(-24))/(1/u).
11
Suppose -j + 2*n + 18 = 3*j, 5*j = -4*n + 16. Let u(g) = g. Let y be u(j). Suppose -3*w + 24 = s - 0*s, -y*w - 4*s + 32 = 0. List the prime factors of w.
2
Let l(n) = -3*n**3 - 6*n**2 - 4*n - 2. Suppose 0*z + 4*z = 4. Let t(k) = -k**3 + k. Let y(m) = z*l(m) - 2*t(m). List the prime factors of y(-5).
3
Let l = 291 - 118. What are the prime factors of l?
173
Let v(x) = 4*x + 18. List the prime factors of v(0).
2, 3
Let n be (-4)/(-8)*(-1 - -21). What are the prime factors of 3/(-2 + 22/n)?
3, 5
Let j(y) = y**3 - 5*y**2 + 6*y - 2. Let m(x) = 3*x + 4. Let w(z) = z**2 + z + 1. Let h(q) = -m(q) + 2*w(q). Let r be h(2). What are the prime factors of j(r)?
2, 3
Let h be (-90)/25*35/(-2). Suppose 5*n - 77 = h. What are the prime factors of n?
2, 7
Suppose -3*o - 108 = -3*x, -o - 102 = -3*x + 10. What are the prime factors of x?
2, 19
Let i(u) = -u - 2. Let w be i(-5). Suppose -w*v = 6, -m - 3*v = m - 44. List the prime factors of m.
5
Let k(b) = b**3 + 13*b**2 - 15*b - 10. Let m be k(-14). Suppose f = -m*y + 102, 2*y + 4*f - 33 = y. List the prime factors of y.
5
Let a(o) = o**3 - 5*o**2 - 4*o - 6. Let g be a(6). Let i be ((1 + 0)*g)/2. Suppose -7 = -i*w + 11. List the prime factors of w.
2, 3
Let t(s) = -s**2 - 5*s - 3. List the prime factors of t(-2).
3
Suppose t = 4*y + 77 + 22, 4*t + 4*y = 476. What are the prime factors of t?
5, 23
Let k(g) = -g**2 - 3*g + 4. Let y be k(-4). Suppose y = 5*s - 2 - 8. What are the prime factors of s?
2
Let o(l) = 4*l**3 + 2*l**2 + 2. Let w be o(-2). What are the prime factors of (w/(-3))/(4/6)?
11
Let j = -46 - -116. List the prime factors of j.
2, 5, 7
Suppose -4*f + 2*f = -8. Suppose -s + 21 = -v + 2*v, -s - 59 = -f*v. List the prime factors of v.
2
Suppose 3*c + 84 = -2*j + 264, -j = -c - 80. Suppose -3*y + j = y. Let u = y - 15. List the prime factors of u.
2, 3
Suppose 65 = 14*u - 13*u. What are the prime factors of u?
5, 13
Let i = 178 - 122. What are the prime factors of i?
2, 7
Let c = 12 - 9. What are the prime factors of ((-3)/c)/(3/(-42))?
2, 7
What are the prime factors of (5/10)/((-1)/(-10))*1?
5
Let m be ((-6)/(-5))/(4/10). Suppose 4*d + 0*d - 39 = c, 0 = -m*c + 3. List the prime factors of d.
2, 5
Let q = 6 - 0. Let a(f) = -f + 9. Let x be a(6). Let m = x + q. What are the prime factors of m?
3
Let t be (-8)/4 + 8/2. Let m = 34 + -14. Suppose -8 + m = t*q. What are the prime factors of q?
2, 3
Suppose 0 = -4*n, 3*w - 28 = 5*n + 8. Let u = 20 - w. List the prime factors of u.
2
Let k(j) = 2*j. Let r be k(-3). Let f be (-93)/r + (-1)/(-2). Let i = f - 8. What are the prime factors of i?
2
Let j(g) = 6*g**2 - 3*g + 2. Let i be j(1). Suppose 0*p - 75 = -i*p. What are the prime factors of p?
3, 5
Let l = -13 + 18. List the prime factors of l.
5
Let m(g) = 4*g - 2*g + 0*g. Suppose 2*t - 4*t = -8. What are the prime factors of m(t)?
2
Let p = -26 - -45. List the prime factors of p.
19
Suppose z - 4*z + 52 = 2*i, 0 = -3*i + 5*z + 97. What are the prime factors of i?
29
Let g = 59 + 17. Suppose 0 = 3*w - 14 - g. What are the prime factors of w?
2, 3, 5
Suppose 0 = 2*z - 7 - 9. Suppose 5*f - 24 = -2*v, 4*v - 3*f - z = 2*v. What are the prime factors of v?
7
Suppose -198 = -4*f - 2*f. What are the prime factors of f?
3, 11
Suppose -30 = -7*u + 4*u. Suppose u = 2*o + 3*o. Let t(m) = m**3 + m**2 + m. What are the prime factors of t(o)?
2, 7
Suppose 3*o = -4*s + 81, -6*o - s + 152 = -o. Let l = -17 + o. What are the prime factors of l?
2, 7
Let v = 2 + 2. Let a be (-42)/(-8) - 4/16. What are the prime factors of (18/(-2))/(v - a)?
3
Let s = 19 - 15. Suppose 7 = s*h - 1. List the prime factors of h.
2
Let l(t) = -9*t + 9. Let s be l(-6). Suppose 2 - 6 = -2*q. Suppose -5*i + 0*b = 3*b - s, -3*i = -q*b - 34. List the prime factors of i.
2, 3
Suppose 0 = 3*q - 3 - 0. Suppose y = 7 - q. What are the prime factors of y?
2, 3
Let x(q) = -q**2 + 3*q + 4. Let h be x(5). Let p(b) = -b + 3. List the prime factors of p(h).
3
Let f(p) = -3*p**2 - 2*p - 1. Let s(c) = -4*c**2 - c - 2. Let x(r) = -5*f(r) + 4*s(r). Let b be x(4). Suppose b*y - 2*y - 6 = 0. List the prime factors of y.
2
Let r = 6 - 11. Let b = r + 4. What are the prime factors of 8 - (b + 2 + 0)?
7
Suppose 3*r + 3 + 9 = 0, 2*m = -5*r - 24. Let c = 0 - m. List the prime factors of c.
2
Let f(v) = -14*v - 9. What are the prime factors of f(-8)?
103
Let m(g) = 2*g**2 - g - 1. Let j(f) = f. Let b be j(2). Let r be m(b). Let d(a) = a**2 - 5*a + 4. List the prime factors of d(r).
2
Let s be 5/(15/(-6))*-2. Suppose -w = s*w. What are the prime factors of 4*(w + 3/6)?
2
Suppose -t + x - 9 = -2*t, -t + 2*x = -18. Suppose p = -1 - 8. What are the prime factors of (t/p)/((-1)/3)?
2
Let d = -8 - -1. Let m(y) = -y**3 - 7*y**2 - y + 9. Let g be m(d). What are the prime factors of 105/(-14)*g/(-10)?
2, 3
Suppose 28 = 4*m + 4*b - 32, 2*m - b - 24 = 0. Let p = -8 + m. Suppose p*j = 22 + 68. List the prime factors of j.
2, 3
Let y(o) = o**2 - o. Let f be y(-1). Suppose m + 0*x + f*x + 6 = 0, 2*m = -x + 3. List the prime factors of (18/4)/(3/m).
2, 3
Let l be (4 - 2)*(-26)/(-4). Suppose 2*x - p - l = 4*p, 13 = -3*x + p. List the prime factors of x/10 + 132/20.
2, 3
Suppose 11*l - 2044 = 4*l. What are the prime factors of l?
2, 73
Let y(s) = s + 7. Let f be y(5). Let d = -3 + f. List the prime factors of d.
3
Let x = 195 + -136. Suppose -3*s + 7 + x = 0. What are the prime factors of s?
2, 11
Suppose 0 = 4*j + t + 3*t - 132, 0 = 4*j + t - 141. What are the prime factors of 50/(-4)*j/(-30)?
3, 5
Suppose -4*v - 5 - 59 = 0. List the prime factors of v/(-8) + 14 + -1.
3, 5
Suppose 3*u = 12 - 3. Suppose 0 = u*j - 41 + 5. List the prime factors of j.
2, 3
Suppose 0 = -2*h + 4*h, -5*d + 2*h = -10. List the prime factors of d.
2
Let n = 39 + -66. Let u = n + 43. What are the prime factors of u?
2
Let j(t) = -t**2 + 6*t. List the prime factors of j(5).
5
Let w(j) = j**2 - 4*j - 19. List the prime factors of w(21).
2, 13
Let l(x) = 2*x - 9. Let t be l(7). Let y(v) = v**3 - 5*v**2 + 4*v - 6. What are the prime factors of y(t)?
2, 7
Let k(f) be the third derivative of -7*f**4/8 - f**3/2 + 2*f**2. Let j be k(5). What are the prime factors of j/(-8)*(-2)/(-3)?
3
Let k(g) = -4*g**3 + 7*g + 5. Let v(o) = -3*o**3 + o**2 + 6*o + 4. Let w(s) = -4*k(s) + 5*v(s). Suppose -2*r + 6*r = -16. What are the prime factors of w(r)?
2
Let j = 321 + -183. What are the prime factors of j?
2, 3, 23
Let n(b) be the second der